ommon factor of x and d?
8
Let v be (32 + -27)/(10/22). Calculate the greatest common factor of 1331 and v.
11
Let b be (-6)/(-4) + 872/16. Let x = b + -34. Calculate the highest common factor of 33 and x.
11
Let d = -88 - -92. Let u(c) = -2*c + 19. Let m be u(d). What is the highest common divisor of 121 and m?
11
Suppose -c + 0 = 2. Let b be 1/(-2)*40/c. Suppose -30 = -18*o + 6. Calculate the greatest common factor of o and b.
2
Let n(g) = -2*g**2 + 13*g - 2. Let w be n(6). Calculate the highest common factor of 2 and w.
2
Let w(x) = -x**2 - 5*x - 3 - 11*x + 6. Let n = 11 - 18. Let d be w(n). What is the highest common factor of 6 and d?
6
Suppose 5*l = -w - 12, 6 = -2*l - 0. Suppose -n - w = -15. Let p be (1 - 1)/(-2) + 3. Calculate the highest common factor of n and p.
3
Let k be (32/(-20))/((-2)/50*-1). Let o be (-10)/k - 251/(-4). What is the greatest common factor of o and 7?
7
Let a be (-8)/(-48) - 3026/12. Let x be a/(-15)*10/3. What is the greatest common divisor of x and 7?
7
Let n(t) = 6*t + 484. Let g be n(-41). What is the highest common factor of 70 and g?
14
Let a(s) = s**3 + s**2 - 4*s + 11. Let p be a(3). Calculate the highest common divisor of 77 and p.
7
Let b = 1345 - 1169. What is the highest common divisor of b and 80?
16
Let k be 292/16 - (-1)/(-4). Let v(b) = -6*b + 2. Let g be v(-1). Let t be 72/4*12/g. What is the greatest common factor of k and t?
9
Suppose 9 = 2*q - 3*o, 0 = 4*q + 27*o - 24*o - 63. Calculate the highest common divisor of q and 498.
6
Suppose b = 585 - 25. Suppose -4*o + b = -4*g, 0 = 3*g - 6*g - 12. Calculate the highest common factor of 17 and o.
17
Suppose -91 + 1 = -5*f. Suppose -8*d + 461 - 101 = 0. Calculate the greatest common divisor of f and d.
9
Let s be (4 - 104/20)/(12/(-520)). What is the highest common factor of s and 2158?
26
Suppose -a - 2*q = -32, 4*a - 2*a - 19 = 5*q. Let o(n) = -n - 12. Let x be o(-11). Let z = x + a. Calculate the highest common factor of 7 and z.
7
Let x be ((-1)/2)/(-1) + (-180)/(-24). What is the highest common divisor of x and 888?
8
Let b = -20 + 20. Suppose b = -12*a + 7*a + 30. What is the highest common divisor of a and 6?
6
Let b(j) = -7*j**2 + 31*j + 10*j**2 - j**3 + 3*j + 9*j**2. Let y be b(14). Calculate the greatest common divisor of 12 and y.
12
Suppose 18*t - 940 + 220 = 0. Calculate the greatest common factor of t and 2440.
40
Let u = -112 - -115. Calculate the greatest common factor of u and 10.
1
Let k be 272 - 0/(5 + -2). Suppose 23*p - 34 = 22*p. Calculate the greatest common divisor of k and p.
34
Let x = 4 - -43. Let u = -1 + x. Calculate the highest common divisor of 322 and u.
46
Let t = -419 + 457. What is the greatest common factor of t and 4?
2
Suppose 20*d - 27*d = -91. What is the greatest common divisor of 377 and d?
13
Let z = -9 + 1. Let i(r) = r**3 + 9*r**2 + 6*r - 11. Let k be i(z). Let h be (0 + (-6)/9)*-3. Calculate the highest common divisor of k and h.
1
Let c be ((-2)/(-4))/((-1)/(-18)). Let a be (3 - (-1 - -4))/2. Let h be (9 - a)*(-4 + 5). What is the highest common factor of c and h?
9
Suppose 0 = -8*i + 4300 + 44. What is the highest common divisor of i and 3?
3
Let z = 13 + -8. Suppose z*p + 5 = 6*p. Suppose -p*h - 38 = -278. Calculate the greatest common divisor of h and 6.
6
Let f = 16 + -12. Suppose 12 = -0*i + f*i. Let u = 21 - 12. Calculate the highest common factor of i and u.
3
Let w = 1187 + -1176. What is the greatest common factor of 143 and w?
11
Let r(p) = 2*p - 12. Let f be r(12). What is the greatest common factor of 12 and f?
12
Suppose 43*t - 2133 = 1307. Let s = -10 - -70. What is the greatest common divisor of t and s?
20
Let v = 310 - 286. Calculate the greatest common divisor of 40 and v.
8
Let t be 24 - -4 - (-2 + 7). What is the highest common divisor of t and 207?
23
Suppose 7*r - 6*r = 5*h + 811, 3134 = 4*r + 2*h. Suppose 13*w - 189 = r. Calculate the greatest common divisor of w and 45.
15
Let y = 233 - 203. Let q be 6/((-4)/16*-4). What is the highest common factor of y and q?
6
Let w be (-28)/(-6 - -2) + 13. Calculate the greatest common factor of 60 and w.
20
Suppose g + 7 = 2*g. Let r = g + -6. Let o = 43 + r. Calculate the highest common factor of o and 110.
22
Suppose -2*p + 10 = -0*p - 4*o, 5*o - 26 = -3*p. Let d be 310/7 + (-2)/p. Calculate the highest common divisor of 33 and d.
11
Let j = 676 + -595. Calculate the greatest common factor of 108 and j.
27
Suppose 18*r - 35846 = 4906. What is the highest common divisor of 8 and r?
8
Let t = 73 - 50. Let b be 10302/39 + 4/(-26). Suppose 4*p + 3*i - b = 0, -4*p + 4*i + 0*i + 292 = 0. What is the greatest common divisor of p and t?
23
Let j(z) = -z**3 + z. Let x = -1 + 1. Let i = -3 + x. Let t be j(i). What is the highest common factor of t and 8?
8
Let m = 66 - -54. Calculate the highest common factor of m and 72.
24
Let z(h) = -h**3 - 9*h**2 - 3*h + 3. Let s be z(-9). Suppose -3*i = 3*i - s. Calculate the greatest common factor of 40 and i.
5
Suppose 4*u - 594 = -426. Suppose 3*f + 4*g + 3 = 41, 0 = -4*f - 4*g + 44. Calculate the greatest common factor of f and u.
6
Suppose -2*r - 15 = 4*h - 3, -4*h = 0. Let p be 1/(-2)*r/(-3). Let d be (27 - p)*(7 + -5). Calculate the highest common divisor of d and 7.
7
Let n(d) = 114*d**3 + d**2 - 2*d + 6. Let f be n(2). What is the greatest common divisor of 18 and f?
18
Let z = -258 + 328. Calculate the highest common factor of 98 and z.
14
Suppose -z + 3*z + 2*g - 10 = 0, -2*g = 8. Suppose 10*f + z - 79 = 0. Calculate the highest common factor of 21 and f.
7
Let i be (-228)/(-14) - 2/7. Let l(f) = 30*f**2 + 4*f. Let j be l(-2). Calculate the greatest common factor of j and i.
16
Let f = 55 - 43. Suppose -f = -2*d + 58. Calculate the greatest common factor of d and 5.
5
Let l = 512 - 500. What is the greatest common factor of l and 924?
12
Suppose -2*o + 7*o - 2*k - 198 = 0, 0 = -5*o + 3*k + 197. Calculate the greatest common divisor of o and 40.
40
Let o = -14 + 22. Let s = o + 4. What is the greatest common divisor of s and 60?
12
Suppose 4*g + 4*s - 248 = 28, 4*g = 2*s + 306. Calculate the highest common factor of 111 and g.
37
Let x(o) = 11*o + 4. Let s(y) = -6*y - 2. Let p(d) = 5*s(d) + 2*x(d). Let j be p(-7). What is the highest common divisor of 6 and j?
6
Suppose -4*f + 70 = -8*v + 5*v, -2*v - 4 = 0. Calculate the highest common factor of 3 and f.
1
Let d = 99 + 342. What is the greatest common factor of 126 and d?
63
Let s be (-188)/(-4) - 6*4/6. Suppose 37*d - s*d + 18 = 0. Calculate the greatest common factor of d and 18.
3
Let d(m) = m**2 - 11*m + 42. Let i be d(14). What is the highest common divisor of 294 and i?
42
Suppose r + 3*r = 0. Let j(p) = 8 - p + 0*p**2 + 2 + p**2 + r. Let a be j(0). What is the greatest common divisor of 20 and a?
10
Let s = 35 + 9. Let v = 278 + -212. What is the highest common factor of s and v?
22
Suppose -4*l = -f - 512, 0 = -4*f + 2 + 14. Let h = -60 + l. Suppose 0 = -p + 4*w - 11, -4*p - w = -h + 28. What is the highest common factor of p and 1?
1
Let m = 18 - 11. Let s be (318/(-795))/(2/(-5)). Calculate the greatest common factor of m and s.
1
Suppose -176*k + 182*k - 126 = 0. Let d(s) = s**3 - 4*s**2 - 4. Let n be (-5)/(-1) + (-1 - -1). Let z be d(n). What is the greatest common divisor of z and k?
21
Suppose -12 + 2 = -10*s. Let k(c) = 396*c**2 + 5*c - 5. Let j be k(s). What is the greatest common factor of j and 36?
36
Let m be (0 - -2)*(-11)/(-2). Let n(u) = 124*u**2 + 6*u + 3. Let q be n(-1). What is the greatest common divisor of q and m?
11
Suppose -41*x + 72 = 4*h - 37*x, -4*x - 96 = -4*h. What is the highest common factor of h and 399?
21
Let k(y) = y**2 + 4*y - 16. Let p be k(-6). Let s be (p/(-8) + -1)*-30. What is the highest common divisor of s and 5?
5
Let q(g) = g + 28. Let w be q(0). Let j = -102 + 410. Calculate the greatest common divisor of j and w.
28
Let f = 1087 + -1078. Calculate the highest common divisor of 23 and f.
1
Let q be 2/4*138 + (2 - 3). What is the highest common divisor of q and 4?
4
Let f(s) = 4*s**2 - s - 2. Let w be f(-1). Suppose w*i + 108 = 6*i. Calculate the greatest common divisor of i and 180.
36
Let r(s) = s**2 + 17*s + 86. Let n be r(-15). Calculate the greatest common divisor of n and 16.
8
Let c(m) = 